{"id":90,"date":"2016-12-05T10:08:04","date_gmt":"2016-12-05T10:08:04","guid":{"rendered":"http:\/\/personalrat-grundschule-bottrop.de\/?page_id=90"},"modified":"2023-02-17T08:45:44","modified_gmt":"2023-02-17T08:45:44","slug":"wie-kann-ich-mit-dem-personalrat-kontakt-aufnehmen","status":"publish","type":"page","link":"https:\/\/personalrat-grundschule-bottrop.de\/?page_id=90","title":{"rendered":"Wie kann ich mit dem Personalrat Kontakt aufnehmen?"},"content":{"rendered":"<p>Sie k\u00f6nnen Mitglieder des Personalrates innerhalb der Woche telefonisch unter der Rufnummer 02041 70-3583 oder 0151-14774835 kontaktieren. Sollten Sie unter dieser Nummer niemanden erreichen, so k\u00f6nnen Sie uns auch gerne eine E-Mail (<a href=\"mailto:personalratgrundschule@bottrop.de\">personalratgrundschule@bottrop.de<\/a>) schreiben, wir melden uns umgehend bei Ihnen.<\/p>\n<p>Wir bitten nach Bedarf im B\u00fcro des Personalrates eine Beratung an, in der Sie mit uns pers\u00f6nlich \u00fcber Ihr Anliegen sprechen k\u00f6nnen. Wir bitten um eine vorherige Kontaktaufnahme per E-Mail oder Telefon.<\/p>\n<p>Das B\u00fcro des Personalrates befindet sich in der Moltkestra\u00dfe 14-16, in direkter N\u00e4he des Rathauses der Stadt Bottrop. Die Moltkestra\u00dfe ist \u00fcber die Gerichtsstra\u00dfe oder die Kirchhellener Stra\u00dfe befahrbar. Parkm\u00f6glichkeiten befinden sich direkt in der Moltkestra\u00dfe (Achtung, nur 1 Stunde maximale Parkzeit <strong>mit<\/strong> Parkscheibe) oder kostenpflichtig auf dem Parkplatz des Saalbaus am Droste-H\u00fclshoff-Platz 4.<\/p>\n<p><iframe loading=\"lazy\" style=\"border: 0;\" src=\"https:\/\/www.google.com\/maps\/embed?pb=!1m18!1m12!1m3!1d738.0028558102305!2d6.924478467633621!3d51.52540006094905!2m3!1f0!2f0!3f0!3m2!1i1024!2i768!4f13.1!3m3!1m2!1s0x47b8ebd40cdcacbf%3A0x36b65ab27e3cf2cf!2sMoltkestra%C3%9Fe+14%2C+46236+Bottrop%2C+Deutschland!5e0!3m2!1sde!2sus!4v1478346884574\" width=\"800\" height=\"400\" frameborder=\"0\" allowfullscreen=\"allowfullscreen\"><\/iframe><\/p>\n<p>Um in das B\u00fcro in der Moltkestra\u00dfe 14-16 zu gelangen, folgen Sie bitte folgender Wegbeschreibung:<\/p>\n<p>Nach Betreten des Geb\u00e4udes bitte links halten und die Treppe ins 1. Obergeschoss nutzen. Direkt rechts befindet sich eine T\u00fcr, hinter der eine Treppe ins 2. OG f\u00fchrt. Dort befindet sich das B\u00fcro des Personalrates auf der linken Seite.<\/p>\n","protected":false},"excerpt":{"rendered":"<p>Sie k\u00f6nnen Mitglieder des Personalrates innerhalb der Woche telefonisch unter der Rufnummer 02041 70-3583 oder 0151-14774835 kontaktieren. Sollten Sie unter dieser Nummer niemanden erreichen, so k\u00f6nnen Sie uns auch gerne eine E-Mail (personalratgrundschule@bottrop.de) schreiben, wir melden uns umgehend bei Ihnen. Wir bitten nach Bedarf im B\u00fcro des Personalrates eine Beratung an, in der Sie mit &hellip; <a href=\"https:\/\/personalrat-grundschule-bottrop.de\/?page_id=90\" class=\"more-link\"><span class=\"screen-reader-text\">\u201eWie kann ich mit dem Personalrat Kontakt aufnehmen?\u201c <\/span>weiterlesen<\/a><\/p>\n","protected":false},"author":1,"featured_media":0,"parent":0,"menu_order":0,"comment_status":"closed","ping_status":"closed","template":"","meta":{"footnotes":""},"class_list":["post-90","page","type-page","status-publish","hentry"],"_links":{"self":[{"href":"https:\/\/personalrat-grundschule-bottrop.de\/index.php?rest_route=\/wp\/v2\/pages\/90","targetHints":{"allow":["GET"]}}],"collection":[{"href":"https:\/\/personalrat-grundschule-bottrop.de\/index.php?rest_route=\/wp\/v2\/pages"}],"about":[{"href":"https:\/\/personalrat-grundschule-bottrop.de\/index.php?rest_route=\/wp\/v2\/types\/page"}],"author":[{"embeddable":true,"href":"https:\/\/personalrat-grundschule-bottrop.de\/index.php?rest_route=\/wp\/v2\/users\/1"}],"replies":[{"embeddable":true,"href":"https:\/\/personalrat-grundschule-bottrop.de\/index.php?rest_route=%2Fwp%2Fv2%2Fcomments&post=90"}],"version-history":[{"count":13,"href":"https:\/\/personalrat-grundschule-bottrop.de\/index.php?rest_route=\/wp\/v2\/pages\/90\/revisions"}],"predecessor-version":[{"id":1024,"href":"https:\/\/personalrat-grundschule-bottrop.de\/index.php?rest_route=\/wp\/v2\/pages\/90\/revisions\/1024"}],"wp:attachment":[{"href":"https:\/\/personalrat-grundschule-bottrop.de\/index.php?rest_route=%2Fwp%2Fv2%2Fmedia&parent=90"}],"curies":[{"name":"wp","href":"https:\/\/api.w.org\/{rel}","templated":true}]}}