{"id":296,"date":"2017-01-19T11:26:43","date_gmt":"2017-01-19T11:26:43","guid":{"rendered":"http:\/\/personalrat-grundschule-bottrop.de\/?page_id=296"},"modified":"2017-03-08T10:39:33","modified_gmt":"2017-03-08T10:39:33","slug":"ruhestand","status":"publish","type":"page","link":"https:\/\/personalrat-grundschule-bottrop.de\/?page_id=296","title":{"rendered":"Ruhestand"},"content":{"rendered":"<p>Die Regelaltersgrenze von verbeamteten Lehrer*innen liegt bei 67 Jahren. Als Altersgrenze gilt f\u00fcr Lehrer*innen das Ende des Schulhalbjahres, in dem das 67. Lebensjahr vollendet wird (\u00a731 Landesbeamtengesetz &#8211; LBG).<\/p>\n<p>Alle Beamt*innen, die das 63. Lebensjahr vollendet haben, k\u00f6nnen auf Antrag in den Ruhestand versetzt werden. Auch wenn es momentan noch problemlos m\u00f6glich ist mit 63 Jahren in den Ruhestand zu gehen, so erh\u00f6hen sich die Pensionsabschl\u00e4ge dennoch aufgrund der von 65 auf 67 Jahren angehobenen Dienstaltersgrenze.<\/p>\n<p style=\"padding-left: 30px;\">Bei einem Abschlag in H\u00f6he von 0,3% pro Monat des vorzeitigen Eintritts in den Ruhestand bedeutet ein Eintritt mit 63 Jahren einen Abschlag von bis zu 14,4% (4 x 12 Monate x 0,3%).<\/p>\n<p style=\"padding-left: 30px;\">Beamt*innen, die das 65. Lebensjahr vollendet haben und mindestens 45 Dienstjahre absolviert haben, k\u00f6nnen abschlagsfrei in den Ruhestand treten.<\/p>\n<p style=\"padding-left: 30px;\">Alle Beamt*innen, die vor dem 01. Januar 1947 geboren sind, k\u00f6nnen auf Antrag mit Vollendung des 65. Lebensjahres ohne Abschl\u00e4ge in den Rustand treten.<\/p>\n<p style=\"padding-left: 30px;\">F\u00fcr Beamtinnen und Beamte auf Lebenszeit und auf Zeit, die nach dem 31. Dezember 1946 geboren sind, wird die Regelaltersgrenze wie folgt angehoben: pro Geburtsjahr beginnend mit dem Jahr 1947 erh\u00f6ht sich die Altersgrenze um je einen Monat.<\/p>\n<p style=\"padding-left: 60px;\">Geboren 1947\u00a0\u00a0\u00a0\u00a0\u00a0 &#8211; Altersgrenze 65 + 1 Monat<\/p>\n<p style=\"padding-left: 60px;\">Geboren 1948\u00a0\u00a0\u00a0\u00a0\u00a0 &#8211; Altersgrenze 65 + 2 Monate<\/p>\n<p style=\"padding-left: 60px;\">&#8230;<\/p>\n<p style=\"padding-left: 60px;\">Geboren 1963\u00a0\u00a0\u00a0\u00a0\u00a0 &#8211; Altersgrenze 66 + 11 Monate<\/p>\n<p style=\"padding-left: 60px;\">Geboren ab 1964 &#8211; Altersgrenze 67 Jahre<\/p>\n<p style=\"padding-left: 30px;\">Sollten Sie eine Beratung zum Thema Ruhestand w\u00fcnschen <a href=\"https:\/\/personalrat-grundschule-bottrop.de\/?page_id=90\">nehmen Sie bitte Kontakt mit uns auf<\/a>. Wir bieten auch <a href=\"https:\/\/personalrat-grundschule-bottrop.de\/?page_id=77\">Beratung zum Thema Ruhegehalts-Berechung<\/a> an. Bitte f\u00fcllen Sie dazu <a href=\"https:\/\/personalrat-grundschule-bottrop.de\/wp-content\/uploads\/2016\/11\/Fragebogen-Ruhegehalt.doc\">den Fragebogen<\/a> aus und <a href=\"https:\/\/personalrat-grundschule-bottrop.de\/?page_id=90\">vereinbaren einen Termin mit uns<\/a>.<\/p>\n<p style=\"padding-left: 60px;\">F\u00fcr verbeamtete Lehrer*innen mit einer anerkannten Schwerbehinderung gilt eine Altersgrenze von 63, um ohne Abschl\u00e4ge in den Ruhestand treten zu k\u00f6nnen. Sie k\u00f6nnen zudem bereits mit Erreichen des 60. Lebensjahres einen Antrag auf Zurruhesetzung stellen. F\u00fcr weitere Informationen und Beratung besuchen Sie bitte \u00a0<a href=\"http:\/\/sbv-grundschule-bottrop.de\/\">die Homepage der Schwerbehindertenvertretung f\u00fcr Lehrer*innen an Grundschulen in Bottrop<\/a>.<\/p>\n<p style=\"text-align: left;\">Sollten Sie tarifbesch\u00e4ftigt an einer Grundschule in Bottrop arbeiten und Informationen zum Eintritt in den Ruhestand w\u00fcnschen, <a href=\"https:\/\/personalrat-grundschule-bottrop.de\/?page_id=90\">nehmen Sie bitte Kontakt mit uns auf<\/a>.<\/p>\n","protected":false},"excerpt":{"rendered":"<p>Die Regelaltersgrenze von verbeamteten Lehrer*innen liegt bei 67 Jahren. Als Altersgrenze gilt f\u00fcr Lehrer*innen das Ende des Schulhalbjahres, in dem das 67. Lebensjahr vollendet wird (\u00a731 Landesbeamtengesetz &#8211; LBG). Alle Beamt*innen, die das 63. Lebensjahr vollendet haben, k\u00f6nnen auf Antrag in den Ruhestand versetzt werden. Auch wenn es momentan noch problemlos m\u00f6glich ist mit 63 &hellip; <a href=\"https:\/\/personalrat-grundschule-bottrop.de\/?page_id=296\" class=\"more-link\"><span class=\"screen-reader-text\">\u201eRuhestand\u201c <\/span>weiterlesen<\/a><\/p>\n","protected":false},"author":1,"featured_media":0,"parent":0,"menu_order":0,"comment_status":"closed","ping_status":"closed","template":"","meta":{"footnotes":""},"class_list":["post-296","page","type-page","status-publish","hentry"],"_links":{"self":[{"href":"https:\/\/personalrat-grundschule-bottrop.de\/index.php?rest_route=\/wp\/v2\/pages\/296","targetHints":{"allow":["GET"]}}],"collection":[{"href":"https:\/\/personalrat-grundschule-bottrop.de\/index.php?rest_route=\/wp\/v2\/pages"}],"about":[{"href":"https:\/\/personalrat-grundschule-bottrop.de\/index.php?rest_route=\/wp\/v2\/types\/page"}],"author":[{"embeddable":true,"href":"https:\/\/personalrat-grundschule-bottrop.de\/index.php?rest_route=\/wp\/v2\/users\/1"}],"replies":[{"embeddable":true,"href":"https:\/\/personalrat-grundschule-bottrop.de\/index.php?rest_route=%2Fwp%2Fv2%2Fcomments&post=296"}],"version-history":[{"count":14,"href":"https:\/\/personalrat-grundschule-bottrop.de\/index.php?rest_route=\/wp\/v2\/pages\/296\/revisions"}],"predecessor-version":[{"id":407,"href":"https:\/\/personalrat-grundschule-bottrop.de\/index.php?rest_route=\/wp\/v2\/pages\/296\/revisions\/407"}],"wp:attachment":[{"href":"https:\/\/personalrat-grundschule-bottrop.de\/index.php?rest_route=%2Fwp%2Fv2%2Fmedia&parent=296"}],"curies":[{"name":"wp","href":"https:\/\/api.w.org\/{rel}","templated":true}]}}